{"id":724,"date":"2021-06-09T08:59:11","date_gmt":"2021-06-09T08:59:11","guid":{"rendered":"https:\/\/reisecenter-kaestnerpassage.de\/?page_id=724"},"modified":"2023-05-19T09:19:30","modified_gmt":"2023-05-19T09:19:30","slug":"ueber-uns","status":"publish","type":"page","link":"https:\/\/reisecenter-kaestnerpassage.de\/?page_id=724","title":{"rendered":"\u00dcber Uns"},"content":{"rendered":"<p>[et_pb_section fb_built=&#8220;1&#8243; admin_label=&#8220;\u00dcber Uns 01&#8243; _builder_version=&#8220;4.17.3&#8243; _module_preset=&#8220;default&#8220; global_colors_info=&#8220;{}&#8220;][et_pb_row _builder_version=&#8220;4.17.3&#8243; _module_preset=&#8220;default&#8220; global_colors_info=&#8220;{}&#8220;][et_pb_column type=&#8220;4_4&#8243; _builder_version=&#8220;4.17.3&#8243; _module_preset=&#8220;default&#8220; global_colors_info=&#8220;{}&#8220;][et_pb_text _builder_version=&#8220;4.17.3&#8243; _module_preset=&#8220;default&#8220; header_2_text_color=&#8220;#085107&#8243; custom_margin=&#8220;100px||||false|false&#8220; global_colors_info=&#8220;{}&#8220;]<\/p>\n<div data-colibri-id=\"724-c3\" class=\"h-row-container gutters-row-lg-2 gutters-row-md-2 gutters-row-0 gutters-row-v-lg-2 gutters-row-v-md-2 gutters-row-v-2 style-499 style-local-724-c3 position-relative\">\n<div class=\"h-row justify-content-lg-center justify-content-md-center justify-content-center align-items-lg-stretch align-items-md-stretch align-items-stretch gutters-col-lg-2 gutters-col-md-2 gutters-col-0 gutters-col-v-lg-2 gutters-col-v-md-2 gutters-col-v-2\">\n<div class=\"h-column h-column-container d-flex h-col-lg-auto h-col-md-auto h-col-auto style-500-outer style-local-724-c4-outer\">\n<div data-colibri-id=\"724-c4\" class=\"d-flex h-flex-basis h-column__inner h-px-lg-2 h-px-md-2 h-px-2 v-inner-lg-2 v-inner-md-2 v-inner-2 style-500 style-local-724-c4 position-relative\">\n<div class=\"w-100 h-y-container h-column__content h-column__v-align flex-basis-100 align-self-lg-start align-self-md-start align-self-start\">\n<div data-colibri-id=\"724-c5\" class=\"h-global-transition-all h-heading style-501 style-local-724-c5 position-relative h-element\">\n<div class=\"h-heading__outer style-501 style-local-724-c5\">\n<h2 class=\"\">Philosophie<\/h2>\n<\/div>\n<\/div>\n<\/div>\n<\/div>\n<\/div>\n<\/div>\n<\/div>\n<div data-colibri-id=\"724-c6\" class=\"h-row-container gutters-row-lg-2 gutters-row-md-2 gutters-row-0 gutters-row-v-lg-2 gutters-row-v-md-2 gutters-row-v-2 style-503 style-local-724-c6 position-relative\">\n<div class=\"h-row justify-content-lg-center justify-content-md-center justify-content-center align-items-lg-stretch align-items-md-stretch align-items-stretch gutters-col-lg-2 gutters-col-md-2 gutters-col-0 gutters-col-v-lg-2 gutters-col-v-md-2 gutters-col-v-2\">\n<div class=\"h-column h-column-container d-flex h-col-lg-auto h-col-md-auto h-col-auto style-504-outer style-local-724-c7-outer\">\n<div data-colibri-id=\"724-c7\" class=\"d-flex h-flex-basis h-column__inner h-px-lg-2 h-px-md-2 h-px-2 v-inner-lg-2 v-inner-md-2 v-inner-2 style-504 style-local-724-c7 position-relative\">\n<div class=\"w-100 h-y-container h-column__content h-column__v-align flex-basis-100 align-self-lg-start align-self-md-start align-self-start\">\n<div data-colibri-id=\"724-c8\" class=\"h-text h-text-component style-505 style-local-724-c8 position-relative h-element\">\n<div class=\"\">\n<p>Unsere Philosophie war von Beginn an sehr einfach. Wir wollen Urlaubstr\u00e4ume erf\u00fcllen. Unabh\u00e4ngig von gro\u00dfen Veranstaltern und zentralen Vorgaben, welche Hotelkapazit\u00e4ten noch dringend verkauft haben wollen. Im Mittelpunkt steht nur der Kunde, nur sein Traumurlaub, nur seine Urlaubsidee.\u00a0 Bei dieser Philosophie sind wir geblieben. Seit nunmehr \u00fcber 20 Jahren. Und so gilt immer noch\u2026 Ihr Urlaub in guten H\u00e4nden.<\/p>\n<p>&nbsp;<\/p>\n<div data-colibri-id=\"724-c6\" class=\"h-row-container gutters-row-lg-2 gutters-row-md-2 gutters-row-0 gutters-row-v-lg-2 gutters-row-v-md-2 gutters-row-v-2 style-503 style-local-724-c6 position-relative\">\n<div class=\"h-row justify-content-lg-center justify-content-md-center justify-content-center align-items-lg-stretch align-items-md-stretch align-items-stretch gutters-col-lg-2 gutters-col-md-2 gutters-col-0 gutters-col-v-lg-2 gutters-col-v-md-2 gutters-col-v-2\">\n<div class=\"h-column h-column-container d-flex h-col-lg-auto h-col-md-auto h-col-auto style-504-outer style-local-724-c7-outer\">\n<div data-colibri-id=\"724-c7\" class=\"d-flex h-flex-basis h-column__inner h-px-lg-2 h-px-md-2 h-px-2 v-inner-lg-2 v-inner-md-2 v-inner-2 style-504 style-local-724-c7 position-relative\">\n<div class=\"w-100 h-y-container h-column__content h-column__v-align flex-basis-100 align-self-lg-start align-self-md-start align-self-start\">\n<div data-colibri-id=\"724-c9\" class=\"h-global-transition-all h-heading style-506 style-local-724-c9 position-relative h-element\">\n<div class=\"h-heading__outer style-506 style-local-724-c9\">\n<h2 class=\"\">Historie<\/h2>\n<\/div>\n<\/div>\n<\/div>\n<\/div>\n<\/div>\n<\/div>\n<\/div>\n<div data-colibri-id=\"724-c10\" class=\"h-row-container gutters-row-lg-2 gutters-row-md-2 gutters-row-0 gutters-row-v-lg-2 gutters-row-v-md-2 gutters-row-v-2 style-507 style-local-724-c10 position-relative\">\n<div class=\"h-row justify-content-lg-center justify-content-md-center justify-content-center align-items-lg-stretch align-items-md-stretch align-items-stretch gutters-col-lg-2 gutters-col-md-2 gutters-col-0 gutters-col-v-lg-2 gutters-col-v-md-2 gutters-col-v-2\">\n<div class=\"h-column h-column-container d-flex h-col-lg-auto h-col-md-auto h-col-auto style-508-outer style-local-724-c11-outer\">\n<div data-colibri-id=\"724-c11\" class=\"d-flex h-flex-basis h-column__inner h-px-lg-2 h-px-md-2 h-px-2 v-inner-lg-2 v-inner-md-2 v-inner-2 style-508 style-local-724-c11 position-relative\">\n<div class=\"w-100 h-y-container h-column__content h-column__v-align flex-basis-100 align-self-lg-start align-self-md-start align-self-start\">\n<div data-colibri-id=\"724-c12\" class=\"h-text h-text-component style-509 style-local-724-c12 position-relative h-element\">\n<div class=\"\">\n<p>Das Unternehmen wurde im Jahr 1999 in Dresden von zwei vielreisenden Unternehmerinnen gegr\u00fcndet, die es sich in den Kopf gesetzt hatten, das \u201eProdukt Reiseb\u00fcro\u201c viel, viel besser zu machen (siehe Unternehmensphilosophie). Seit dieser Zeit betreiben wir das Reisecenter in der K\u00e4stnerpassage. In unserem liebevoll gestalteten Verkaufsraum konnten wir seit unserer Gr\u00fcndung die verschiedensten Urlaubstr\u00e4ume unseres stetig wachsenden Kundenstamms erf\u00fcllen. Von der Gesch\u00e4ftsreise bis zur Gruppenreise, vom Urlaub an der Ostsee bis zur Fernreise nach Australien, von der Geburtstagsfeier bis zur Gruppenfeier haben wir unserer Kundschaft in den letzten 24 Jahren, die sch\u00f6nsten Stunden im Jahr bereitet. Und wir sind noch lange nicht am Ziel\u2026<\/p>\n<p>&nbsp;<\/p>\n<\/div>\n<\/div>\n<div data-colibri-id=\"724-c13\" class=\"h-global-transition-all h-heading style-510 style-local-724-c13 position-relative h-element\">\n<div class=\"h-heading__outer style-510 style-local-724-c13\">\n<h2 class=\"\">Management<\/h2>\n<\/div>\n<\/div>\n<\/div>\n<\/div>\n<\/div>\n<\/div>\n<\/div>\n<div data-colibri-id=\"724-c14\" class=\"h-row-container gutters-row-lg-2 gutters-row-md-2 gutters-row-0 gutters-row-v-lg-2 gutters-row-v-md-2 gutters-row-v-2 style-511 style-local-724-c14 position-relative\">\n<div class=\"h-row justify-content-lg-center justify-content-md-center justify-content-center align-items-lg-stretch align-items-md-stretch align-items-stretch gutters-col-lg-2 gutters-col-md-2 gutters-col-0 gutters-col-v-lg-2 gutters-col-v-md-2 gutters-col-v-2\">\n<div class=\"h-column h-column-container d-flex h-col-lg-auto h-col-md-auto h-col-auto style-512-outer style-local-724-c15-outer\">\n<div data-colibri-id=\"724-c15\" class=\"d-flex h-flex-basis h-column__inner h-px-lg-2 h-px-md-2 h-px-2 v-inner-lg-2 v-inner-md-2 v-inner-2 style-512 style-local-724-c15 position-relative\">\n<div class=\"w-100 h-y-container h-column__content h-column__v-align flex-basis-100 align-self-lg-start align-self-md-start align-self-start\">\n<div data-colibri-id=\"724-c16\" class=\"h-text h-text-component style-513 style-local-724-c16 position-relative h-element\">\n<div class=\"\">\n<p>Die Mitgr\u00fcnderin Karen Kleinst\u00fcck betreibt seit 2006 das Reisecenter in der K\u00e4stnerpassage als alleinige Inhaberin und konnte dabei aus ihrem Erfahrungsschatz, aus der langj\u00e4hrigen T\u00e4tigkeit bei TRD Reisen, sch\u00f6pfen. Als erfahrene Reiseverkehrskauffrau bem\u00fcht sie sich nicht nur, all Ihren Erwartungen und Anforderungen zu gen\u00fcgen, sondern sie auch zu \u00fcbertreffen! Dabei war stets die Kundenzufriedenheit ihr erstes Ziel.<\/p>\n<p>&nbsp;<\/p>\n<\/div>\n<\/div>\n<div data-colibri-id=\"724-c17\" class=\"h-global-transition-all h-heading style-514 style-local-724-c17 position-relative h-element\">\n<div class=\"h-heading__outer style-514 style-local-724-c17\">\n<h2 class=\"\">Team<\/h2>\n<\/div>\n<\/div>\n<\/div>\n<\/div>\n<\/div>\n<\/div>\n<\/div>\n<div data-colibri-id=\"724-c18\" class=\"h-row-container gutters-row-lg-2 gutters-row-md-2 gutters-row-0 gutters-row-v-lg-2 gutters-row-v-md-2 gutters-row-v-2 style-516 style-local-724-c18 position-relative\">\n<div class=\"h-row justify-content-lg-center justify-content-md-center justify-content-center align-items-lg-stretch align-items-md-stretch align-items-stretch gutters-col-lg-2 gutters-col-md-2 gutters-col-0 gutters-col-v-lg-2 gutters-col-v-md-2 gutters-col-v-2\">\n<div class=\"h-column h-column-container d-flex h-col-lg-auto h-col-md-auto h-col-auto style-517-outer style-local-724-c19-outer\">\n<div data-colibri-id=\"724-c19\" class=\"d-flex h-flex-basis h-column__inner h-px-lg-2 h-px-md-2 h-px-2 v-inner-lg-2 v-inner-md-2 v-inner-2 style-517 style-local-724-c19 position-relative\">\n<div class=\"w-100 h-y-container h-column__content h-column__v-align flex-basis-100 align-self-lg-start align-self-md-start align-self-start\">\n<div data-colibri-id=\"724-c20\" class=\"h-text h-text-component style-518 style-local-724-c20 position-relative h-element\">\n<div class=\"\">\n<p>Frau Kleinst\u00fcck und ihr Team ber\u00e4t und betreut unsere Kunden online, per Telefon und im Reisecenter in der K\u00e4stnerpassage in der Dresdner Neustadt. Ob Zielgebietsexperten, Beratungsprofis oder Flugspezialisten, Ihr Urlaub ist bei uns in guten H\u00e4nden. Unsere kompetenten und freundlichen Mitarbeiter freuen sich Ihnen helfen zu d\u00fcrfen.<\/p>\n<\/div>\n<\/div>\n<\/div>\n<\/div>\n<\/div>\n<\/div>\n<\/div>\n<\/div>\n<\/div>\n<\/div>\n<\/div>\n<\/div>\n<\/div>\n<\/div>\n<p>[\/et_pb_text][\/et_pb_column][\/et_pb_row][et_pb_row _builder_version=&#8220;4.17.3&#8243; _module_preset=&#8220;default&#8220; global_colors_info=&#8220;{}&#8220;][et_pb_column type=&#8220;4_4&#8243; _builder_version=&#8220;4.17.3&#8243; _module_preset=&#8220;default&#8220; global_colors_info=&#8220;{}&#8220;][et_pb_image src=&#8220;https:\/\/reisecenter-kaestnerpassage.de\/wp-content\/uploads\/2023\/02\/Bild05.jpg&#8220; title_text=&#8220;Bild05&#8243; _builder_version=&#8220;4.17.3&#8243; _module_preset=&#8220;default&#8220; box_shadow_style=&#8220;preset2&#8243; box_shadow_color=&#8220;rgba(0,0,0,0.88)&#8220; global_colors_info=&#8220;{}&#8220;][\/et_pb_image][\/et_pb_column][\/et_pb_row][\/et_pb_section]<\/p>\n","protected":false},"excerpt":{"rendered":"<p>Philosophie Unsere Philosophie war von Beginn an sehr einfach. Wir wollen Urlaubstr\u00e4ume erf\u00fcllen. Unabh\u00e4ngig von gro\u00dfen Veranstaltern und zentralen Vorgaben, welche Hotelkapazit\u00e4ten noch dringend verkauft haben wollen. Im Mittelpunkt steht nur der Kunde, nur sein Traumurlaub, nur seine Urlaubsidee.\u00a0 Bei dieser Philosophie sind wir geblieben. Seit nunmehr \u00fcber 20 Jahren. Und so gilt immer noch\u2026 [&hellip;]<\/p>\n","protected":false},"author":1,"featured_media":0,"parent":0,"menu_order":0,"comment_status":"closed","ping_status":"closed","template":"","meta":{"_et_pb_use_builder":"on","_et_pb_old_content":"<div data-colibri-id=\"724-c1\" class=\"style-497 style-local-724-c1 position-relative\">\n  <!---->\n  <div data-colibri-component=\"section\" data-colibri-id=\"724-c2\" id=\"custom\" class=\"h-section h-section-global-spacing d-flex align-items-lg-center align-items-md-center align-items-center style-498 style-local-724-c2 position-relative\">\n    <!---->\n    <!---->\n    <div class=\"h-section-grid-container h-section-boxed-container\">\n      <!---->\n      <div data-colibri-id=\"724-c3\" class=\"h-row-container gutters-row-lg-2 gutters-row-md-2 gutters-row-0 gutters-row-v-lg-2 gutters-row-v-md-2 gutters-row-v-2 style-499 style-local-724-c3 position-relative\">\n        <!---->\n        <div class=\"h-row justify-content-lg-center justify-content-md-center justify-content-center align-items-lg-stretch align-items-md-stretch align-items-stretch gutters-col-lg-2 gutters-col-md-2 gutters-col-0 gutters-col-v-lg-2 gutters-col-v-md-2 gutters-col-v-2\">\n          <!---->\n          <div class=\"h-column h-column-container d-flex h-col-lg-auto h-col-md-auto h-col-auto style-500-outer style-local-724-c4-outer\">\n            <div data-colibri-id=\"724-c4\" class=\"d-flex h-flex-basis h-column__inner h-px-lg-2 h-px-md-2 h-px-2 v-inner-lg-2 v-inner-md-2 v-inner-2 style-500 style-local-724-c4 position-relative\">\n              <!---->\n              <!---->\n              <div class=\"w-100 h-y-container h-column__content h-column__v-align flex-basis-100 align-self-lg-start align-self-md-start align-self-start\">\n                <!---->\n                <div data-colibri-id=\"724-c5\" class=\"h-global-transition-all h-heading style-501 style-local-724-c5 position-relative h-element\">\n                  <!---->\n                  <div class=\"h-heading__outer style-501 style-local-724-c5\">\n                    <!---->\n                    <!---->\n                    <h2 class=\"\">Philosophie<\/h2>\n                  <\/div>\n                <\/div>\n              <\/div>\n            <\/div>\n          <\/div>\n        <\/div>\n      <\/div>\n      <div data-colibri-id=\"724-c6\" class=\"h-row-container gutters-row-lg-2 gutters-row-md-2 gutters-row-0 gutters-row-v-lg-2 gutters-row-v-md-2 gutters-row-v-2 style-503 style-local-724-c6 position-relative\">\n        <!---->\n        <div class=\"h-row justify-content-lg-center justify-content-md-center justify-content-center align-items-lg-stretch align-items-md-stretch align-items-stretch gutters-col-lg-2 gutters-col-md-2 gutters-col-0 gutters-col-v-lg-2 gutters-col-v-md-2 gutters-col-v-2\">\n          <!---->\n          <div class=\"h-column h-column-container d-flex h-col-lg-auto h-col-md-auto h-col-auto style-504-outer style-local-724-c7-outer\">\n            <div data-colibri-id=\"724-c7\" class=\"d-flex h-flex-basis h-column__inner h-px-lg-2 h-px-md-2 h-px-2 v-inner-lg-2 v-inner-md-2 v-inner-2 style-504 style-local-724-c7 position-relative\">\n              <!---->\n              <!---->\n              <div class=\"w-100 h-y-container h-column__content h-column__v-align flex-basis-100 align-self-lg-start align-self-md-start align-self-start\">\n                <!---->\n                <div data-colibri-id=\"724-c8\" class=\"h-text h-text-component style-505 style-local-724-c8 position-relative h-element\">\n                  <!---->\n                  <!---->\n                  <div class=\"\">\n                    <p>Unsere Philosophie war von Beginn an sehr einfach. Wir wollen Urlaubstr\u00e4ume erf\u00fcllen. Unabh\u00e4ngig von gro\u00dfen Veranstaltern und zentralen Vorgaben, welche Hotelkapazit\u00e4ten noch dringend verkauft haben wollen. Im Mittelpunkt steht nur\n                      der Kunde, nur sein Traumurlaub, nur seine Urlaubsidee.&nbsp; Bei dieser Philosophie sind wir geblieben. Seit nunmehr \u00fcber 21 Jahren. Und so gilt immer noch... Ihr Urlaub in guten H\u00e4nden.<\/p>\n                    <p>\n                      <br>\n                    <\/p>\n                  <\/div>\n                <\/div>\n                <div data-colibri-id=\"724-c21\" class=\"d-block style-519 style-local-724-c21 position-relative h-element\">\n                  <!---->\n                  <div class=\"h-image__frame-container-outer\">\n                    <div class=\"h-image__frame-container\">\n                      <!---->\n                      <!---->\n                      <img src=\"https:\/\/reisecenter-kaestnerpassage.de\/wp-content\/uploads\/2020\/06\/cropped-cropped-WhatsApp-Image-2020-06-11-at-14.12.22-300x300.jpeg\" class=\"style-519-image style-local-724-c21-image\">\n                      <div class=\"h-image__frame h-hide-lg h-hide-md h-hide-sm style-519-frameImage style-local-724-c21-frameImage\"><\/div>\n                    <\/div>\n                  <\/div>\n                <\/div>\n                <div data-colibri-id=\"724-c9\" class=\"h-global-transition-all h-heading style-506 style-local-724-c9 position-relative h-element\">\n                  <!---->\n                  <div class=\"h-heading__outer style-506 style-local-724-c9\">\n                    <!---->\n                    <!---->\n                    <h2 class=\"\">Historie<\/h2>\n                  <\/div>\n                <\/div>\n              <\/div>\n            <\/div>\n          <\/div>\n        <\/div>\n      <\/div>\n      <div data-colibri-id=\"724-c10\" class=\"h-row-container gutters-row-lg-2 gutters-row-md-2 gutters-row-0 gutters-row-v-lg-2 gutters-row-v-md-2 gutters-row-v-2 style-507 style-local-724-c10 position-relative\">\n        <!---->\n        <div class=\"h-row justify-content-lg-center justify-content-md-center justify-content-center align-items-lg-stretch align-items-md-stretch align-items-stretch gutters-col-lg-2 gutters-col-md-2 gutters-col-0 gutters-col-v-lg-2 gutters-col-v-md-2 gutters-col-v-2\">\n          <!---->\n          <div class=\"h-column h-column-container d-flex h-col-lg-auto h-col-md-auto h-col-auto style-508-outer style-local-724-c11-outer\">\n            <div data-colibri-id=\"724-c11\" class=\"d-flex h-flex-basis h-column__inner h-px-lg-2 h-px-md-2 h-px-2 v-inner-lg-2 v-inner-md-2 v-inner-2 style-508 style-local-724-c11 position-relative\">\n              <!---->\n              <!---->\n              <div class=\"w-100 h-y-container h-column__content h-column__v-align flex-basis-100 align-self-lg-start align-self-md-start align-self-start\">\n                <!---->\n                <div data-colibri-id=\"724-c12\" class=\"h-text h-text-component style-509 style-local-724-c12 position-relative h-element\">\n                  <!---->\n                  <!---->\n                  <div class=\"\">\n                    <p>Das Unternehmen wurde vor \u00fcber 21 Jahren im Jahr 1999 in Dresden von zwei vielreisenden Unternehmerinnen gegr\u00fcndet, die es sich in den Kopf gesetzt hatten, das \"Produkt Reiseb\u00fcro\" viel, viel besser zu machen (siehe Unternehmensphilosophie).\n                      Seit dieser Zeit betreiben wir das Reisecenter in der K\u00e4stnerpassage. In unserem liebevoll gestalteten Verkaufsraum konnten wir seit unserer Gr\u00fcndung die verschiedensten Urlaubstr\u00e4ume unseres stetig wachsenden Kundenstamms erf\u00fcllen.\n                      Von der Gesch\u00e4ftsreise bis zur Gruppenreise, vom Urlaub an der Ostsee bis zur Fernreise nach Australien, von der Geburtstagsfeier bis zur Gruppenfeier haben wir unserer Kundschaft in den letzten 21 Jahren, die sch\u00f6nsten Stunden im\n                      Jahr bereitet. Und wir sind noch lange nicht am Ziel...<\/p>\n                    <p>\n                      <br>\n                    <\/p>\n                  <\/div>\n                <\/div>\n                <div data-colibri-id=\"724-c13\" class=\"h-global-transition-all h-heading style-510 style-local-724-c13 position-relative h-element\">\n                  <!---->\n                  <div class=\"h-heading__outer style-510 style-local-724-c13\">\n                    <!---->\n                    <!---->\n                    <h2 class=\"\">Management<\/h2>\n                  <\/div>\n                <\/div>\n              <\/div>\n            <\/div>\n          <\/div>\n        <\/div>\n      <\/div>\n      <div data-colibri-id=\"724-c14\" class=\"h-row-container gutters-row-lg-2 gutters-row-md-2 gutters-row-0 gutters-row-v-lg-2 gutters-row-v-md-2 gutters-row-v-2 style-511 style-local-724-c14 position-relative\">\n        <!---->\n        <div class=\"h-row justify-content-lg-center justify-content-md-center justify-content-center align-items-lg-stretch align-items-md-stretch align-items-stretch gutters-col-lg-2 gutters-col-md-2 gutters-col-0 gutters-col-v-lg-2 gutters-col-v-md-2 gutters-col-v-2\">\n          <!---->\n          <div class=\"h-column h-column-container d-flex h-col-lg-auto h-col-md-auto h-col-auto style-512-outer style-local-724-c15-outer\">\n            <div data-colibri-id=\"724-c15\" class=\"d-flex h-flex-basis h-column__inner h-px-lg-2 h-px-md-2 h-px-2 v-inner-lg-2 v-inner-md-2 v-inner-2 style-512 style-local-724-c15 position-relative\">\n              <!---->\n              <!---->\n              <div class=\"w-100 h-y-container h-column__content h-column__v-align flex-basis-100 align-self-lg-start align-self-md-start align-self-start\">\n                <!---->\n                <div data-colibri-id=\"724-c16\" class=\"h-text h-text-component style-513 style-local-724-c16 position-relative h-element\">\n                  <!---->\n                  <!---->\n                  <div class=\"\">\n                    <p>Die Mitgr\u00fcnderin Karen Kleinst\u00fcck betreibt seit 2006 das Reisecenter in der K\u00e4stnerpassage als alleinige Inhaberin und konnte dabei aus ihrem Erfahrungsschatz, aus der langj\u00e4hrigen T\u00e4tigkeit bei TRD Reisen, sch\u00f6pfen. Als erfahrene\n                      Reiseverkehrskauffrau bem\u00fcht sie sich nicht nur, all Ihren Erwartungen und Anforderungen zu gen\u00fcgen, sondern sie auch zu \u00fcbertreffen! Dabei war stets die Kundenzufriedenheit ihr erstes Ziel.<\/p>\n                    <p>\n                      <br>\n                    <\/p>\n                  <\/div>\n                <\/div>\n                <div data-colibri-id=\"724-c17\" class=\"h-global-transition-all h-heading style-514 style-local-724-c17 position-relative h-element\">\n                  <!---->\n                  <div class=\"h-heading__outer style-514 style-local-724-c17\">\n                    <!---->\n                    <!---->\n                    <h2 class=\"\">Team<\/h2>\n                  <\/div>\n                <\/div>\n              <\/div>\n            <\/div>\n          <\/div>\n        <\/div>\n      <\/div>\n      <div data-colibri-id=\"724-c18\" class=\"h-row-container gutters-row-lg-2 gutters-row-md-2 gutters-row-0 gutters-row-v-lg-2 gutters-row-v-md-2 gutters-row-v-2 style-516 style-local-724-c18 position-relative\">\n        <!---->\n        <div class=\"h-row justify-content-lg-center justify-content-md-center justify-content-center align-items-lg-stretch align-items-md-stretch align-items-stretch gutters-col-lg-2 gutters-col-md-2 gutters-col-0 gutters-col-v-lg-2 gutters-col-v-md-2 gutters-col-v-2\">\n          <!---->\n          <div class=\"h-column h-column-container d-flex h-col-lg-auto h-col-md-auto h-col-auto style-517-outer style-local-724-c19-outer\">\n            <div data-colibri-id=\"724-c19\" class=\"d-flex h-flex-basis h-column__inner h-px-lg-2 h-px-md-2 h-px-2 v-inner-lg-2 v-inner-md-2 v-inner-2 style-517 style-local-724-c19 position-relative\">\n              <!---->\n              <!---->\n              <div class=\"w-100 h-y-container h-column__content h-column__v-align flex-basis-100 align-self-lg-start align-self-md-start align-self-start\">\n                <!---->\n                <div data-colibri-id=\"724-c20\" class=\"h-text h-text-component style-518 style-local-724-c20 position-relative h-element\">\n                  <!---->\n                  <!---->\n                  <div class=\"\">\n                    <p>Frau Kleinst\u00fcck und ihr Team ber\u00e4t und betreut unsere Kunden online, per Telefon und im Reisecenter in der K\u00e4stnerpassage in der Dresdner Neustadt. Ob Zielgebietsexperten, Beratungsprofis oder Flugspezialisten, Ihr Urlaub ist bei uns\n                      in guten H\u00e4nden. Unsere kompetenten und freundlichen Mitarbeiter freuen sich Ihnen helfen zu d\u00fcrfen.<\/p>\n                    <p>\n                      <br>\n                    <\/p>\n                  <\/div>\n                <\/div>\n                <div data-colibri-id=\"724-c22\" class=\"d-block style-520 style-local-724-c22 position-relative h-element\">\n                  <!---->\n                  <div class=\"h-image__frame-container-outer\">\n                    <div class=\"h-image__frame-container\">\n                      <!---->\n                      <!---->\n                      <img src=\"https:\/\/reisecenter-kaestnerpassage.de\/wp-content\/uploads\/2020\/06\/cropped-DSC02681-1-scaled-1-300x300.jpg\" class=\"style-520-image style-local-724-c22-image\">\n                      <div class=\"h-image__frame h-hide-lg h-hide-md h-hide-sm style-520-frameImage style-local-724-c22-frameImage\"><\/div>\n                    <\/div>\n                  <\/div>\n                <\/div>\n              <\/div>\n            <\/div>\n          <\/div>\n        <\/div>\n      <\/div>\n    <\/div>\n  <\/div>\n<\/div>","_et_gb_content_width":"","footnotes":""},"class_list":["post-724","page","type-page","status-publish","hentry"],"_links":{"self":[{"href":"https:\/\/reisecenter-kaestnerpassage.de\/index.php?rest_route=\/wp\/v2\/pages\/724","targetHints":{"allow":["GET"]}}],"collection":[{"href":"https:\/\/reisecenter-kaestnerpassage.de\/index.php?rest_route=\/wp\/v2\/pages"}],"about":[{"href":"https:\/\/reisecenter-kaestnerpassage.de\/index.php?rest_route=\/wp\/v2\/types\/page"}],"author":[{"embeddable":true,"href":"https:\/\/reisecenter-kaestnerpassage.de\/index.php?rest_route=\/wp\/v2\/users\/1"}],"replies":[{"embeddable":true,"href":"https:\/\/reisecenter-kaestnerpassage.de\/index.php?rest_route=%2Fwp%2Fv2%2Fcomments&post=724"}],"version-history":[{"count":7,"href":"https:\/\/reisecenter-kaestnerpassage.de\/index.php?rest_route=\/wp\/v2\/pages\/724\/revisions"}],"predecessor-version":[{"id":1082,"href":"https:\/\/reisecenter-kaestnerpassage.de\/index.php?rest_route=\/wp\/v2\/pages\/724\/revisions\/1082"}],"wp:attachment":[{"href":"https:\/\/reisecenter-kaestnerpassage.de\/index.php?rest_route=%2Fwp%2Fv2%2Fmedia&parent=724"}],"curies":[{"name":"wp","href":"https:\/\/api.w.org\/{rel}","templated":true}]}}